termine m(0).
53
Let g(p) = p**3 + 50*p**2 + 46*p - 130. Give g(-49).
17
Let q(d) = d**2 + 11*d + 15. Calculate q(-10).
5
Let b(a) = 7*a - 6. Determine b(5).
29
Let l(a) = a + 1. What is l(-1)?
0
Let j(h) = -8*h + 7. Give j(6).
-41
Let z(h) = 28*h - 185. Determine z(6).
-17
Let o(u) = -u**2 - u + 4. Determine o(3).
-8
Let c(l) = 16*l**3 - 5*l**2 - 4*l + 1. Calculate c(-1).
-16
Let l(k) = -36*k + 1. Calculate l(2).
-71
Let n(u) = -20*u - 96. What is n(-5)?
4
Let o(u) = 2*u**2 + 50*u - 107. What is o(-26)?
-55
Let z(r) = -r**2 + 17*r + 3. Calculate z(17).
3
Let j(b) = -b**3 + 16*b**2 - 11*b + 2. What is j(15)?
62
Let y(a) = -52*a - 5. Determine y(-1).
47
Let q(v) = -576*v - 2886. What is q(-5)?
-6
Let n(k) = -k**3 + 3*k**2 + 2. Determine n(3).
2
Let y(n) = -n**2 + 10*n - 14. Determine y(7).
7
Let p(q) = -q**2 - 29*q + 62. What is p(-31)?
0
Let f(r) = 8*r**3 + r**2 + r - 1. What is f(1)?
9
Let x(t) = 5*t - 23. Determine x(7).
12
Let h(q) = -q - 21. Determine h(-20).
-1
Let w(i) = 10*i + 116. Determine w(-14).
-24
Let n(m) = 6*m + 11. Calculate n(-3).
-7
Let n(r) = -31*r**2 - 94*r - 5. Determine n(-3).
-2
Let j(h) = 2*h + 13. Calculate j(-11).
-9
Let c(q) = -3*q**2 - 5*q - 2. Give c(-3).
-14
Let y(j) = 7*j + 157. Determine y(-23).
-4
Let g(c) = -c**2 - 2*c - 1. Calculate g(-2).
-1
Let y(u) = -7*u + 76. Determine y(5).
41
Let j(r) = 3*r - 3. Give j(6).
15
Let t(k) = -k**2 + 21*k - 33. Calculate t(23).
-79
Let f(h) = -h**3 - 15*h**2 - 19*h + 24. Calculate f(-14).
94
Let c(x) = -x**2 - 6*x + 8. Give c(-6).
8
Let s(y) = -y**3 + 5*y**2 + 2*y - 8. Determine s(4).
16
Let r(m) = 9*m + 25. Calculate r(-12).
-83
Let p(u) = 3*u**3 - 3*u**2 + u + 8. Calculate p(3).
65
Let y(a) = 2*a + 53. Determine y(-16).
21
Let s(z) = -10*z + 75. Give s(7).
5
Let k(m) = -m**3 + 2*m**2 + m + 2. Give k(3).
-4
Let l(s) = s + 1. Give l(-6).
-5
Let b(h) = -h**3 - 22*h**2 - 21*h + 2. Calculate b(-21).
2
Let f(r) = -19*r**2 + 4*r - 1. Give f(3).
-160
Let w(z) = 4*z**3 - 4*z**2 + 7*z - 2. Determine w(2).
28
Let s(i) = -10*i - 5. Determine s(-1).
5
Let c(t) = t - 2. Give c(5).
3
Let h(o) = o**3 - 11*o**2 + 10*o + 11. What is h(10)?
11
Let r(w) = -w - 10. Determine r(-4).
-6
Let m(p) = p**2 + 18*p + 30. What is m(-17)?
13
Let b(m) = -2*m**2 - 10*m + 9. Calculate b(-5).
9
Let h(t) = 6*t + 50. What is h(-5)?
20
Let w(a) = a - 6. Give w(27).
21
Let d(z) = -2*z. Give d(0).
0
Let m(q) = 12*q**3 + q**2 - 5*q - 5. Determine m(-1).
-11
Let u(d) = 2*d**3 - d**2 - 169*d + 17. Give u(-9).
-1
Let x(f) = -21*f + 147. What is x(7)?
0
Let k(t) = -2*t - 35. Calculate k(-17).
-1
Let w(r) = r**3 - 6*r**2 - 3. What is w(6)?
-3
Let g(v) = v**3 + 4*v**2 + 2*v - 1. Determine g(-2).
3
Let c(t) = t**3 - 23*t**2 + 26*t - 93. Calculate c(22).
-5
Let m(u) = 7*u - 25. Calculate m(-9).
-88
Let p(o) = -o**3 - 9*o**2 + 14*o + 17. Give p(-10).
-23
Let r(h) = 11*h - 2. Give r(2).
20
Let b(s) = -s**3 - 7*s**2 - s - 7. Calculate b(-7).
0
Let n(v) = -136*v**3 + 3*v**2 - 2. Determine n(-1).
137
Let m(w) = w**3 - 14*w**2 - 15*w + 6. Determine m(15).
6
Let t(i) = 5*i**2 - 109*i + 184. What is t(20)?
4
Let l(u) = u**3 + 12*u**2 + 9*u - 10. Calculate l(-11).
12
Let z(d) = -d**2 - 9*d + 12. Give z(-10).
2
Let s(w) = -3*w**2 + 2*w + 20. Calculate s(5).
-45
Let n(i) = -19*i + 48. Determine n(6).
-66
Let u(s) = s**3 - 3*s**2 + 4*s + 1. Determine u(2).
5
Let i(f) = 18*f + 187. Calculate i(-10).
7
Let b(h) = -h**2 - 12*h + 28. Determine b(-14).
0
Let j(s) = s**3 + 38*s**2 + 40*s + 117. Calculate j(-37).
6
Let b(a) = 6*a + 25. Determine b(-4).
1
Let x(d) = -7*d - 14. Calculate x(-5).
21
Let w(n) = n**2 - 2*n + 5. Give w(4).
13
Let m(j) = -j**2 + 6*j - 18. Calculate m(5).
-13
Let u(f) = -26*f - 123. Determine u(-5).
7
Let w(d) = -35*d**2 - 3*d - 1. Calculate w(-1).
-33
Let d(o) = 22*o + 239. Determine d(-10).
19
Let g(k) = k**3 + 8*k**2 + 8*k + 44. Determine g(-8).
-20
Let d(b) = 44*b**2 + b - 1. Calculate d(-1).
42
Let m(x) = -x**3 + 12*x**2 - x + 17. Determine m(12).
5
Let y(k) = 13*k + 78. Give y(-11).
-65
Let u(d) = -d**3 - 4*d**2 + 3*d - 12. Give u(-5).
-2
Let l(c) = -c**2 + 23*c + 240. Calculate l(31).
-8
Let n(o) = o**3 - 6*o**2 - 5. Calculate n(5).
-30
Let o(v) = v + 20. Determine o(-10).
10
Let z(d) = 6*d**2 - 2*d - 2. What is z(2)?
18
Let a(i) = 11*i + 139. What is a(-12)?
7
Let j(b) = 5*b**2 + 104*b - 28. Determine j(-21).
-7
Let t(w) = w - 7. Give t(14).
7
Let p(h) = h**3 + 11*h**2 + 25*h - 6. Give p(-8).
-14
Let i(x) = -5*x - 156. Calculate i(-30).
-6
Let t(k) = k**3 + 13*k**2 + 19*k + 49. Give t(-12).
-35
Let u(j) = j**2 - 8*j - 39. Determine u(12).
9
Let k(f) = -f - 1. Give k(10).
-11
Let f(s) = -22*s - 300. Calculate f(-13).
-14
Let g(h) = -10*h + 4. Calculate g(5).
-46
Let h(b) = b**3 + 11*b**2 - 25*b + 22. What is h(-13)?
9
Let z(a) = 2*a**3 + 22*a**2 + 19*a - 18. What is z(-10)?
-8
Let f(l) = 11*l**3 + l**2. Determine f(1).
12
Let o(m) = 2*m - 1. Give o(-4).
-9
Let j(w) = -w**3 - 10*w**2 + 11*w - 7. Determine j(-11).
-7
Let t(w) = w**2 + 9*w. What is t(-10)?
10
Let l(r) = -r**2 - 15*r - 27. Give l(-13).
-1
Let r(s) = -s**3 - 12*s**2 - 2*s - 16. Calculate r(-12).
8
Let o(d) = 2*d**2 + 77*d + 58. Give o(-36).
-122
Let l(p) = -p**3 + 16*p**2 + 15*p + 41. What is l(17)?
7
Let m(q) = 4*q - 21. Calculate m(16).
43
Let r(j) = 2*j**3 + 4*j**2 - 162*j - 17. Give r(-10).
3
Let y(h) = 12*h**2 - 2*h - 5. Determine y(-2).
47
Let h(n) = 22*n + 258. Determine h(-12).
-6
Let y(i) = -2*i**3 + 8*i**2 - 4*i + 5. What is y(5)?
-65
Let k(f) = f**3 + 6*f**2 - 5*f + 8. Calculate k(-7).
-6
Let w(t) = t**2 - 7*t - 8. Give w(4).
-20
Let d(c) = c**3 + 5*c**2 + c - 1. Determine d(-4).
11
Let f(z) = -9*z + 3. Determine f(-1).
12
Let w(m) = -4*m**2 + 2. Calculate w(2).
-14
Let f(g) = 2*g - 2. What is f(0)?
-2
Let q(d) = -83*d - 255. Give q(-3).
-6
Let d(t) = 4*t - 111. What is d(26)?
-7
Let i(o) = o - 9. What is i(-4)?
-13
Let z(f) = 13*f - 14. Give z(4).
38
Let x(a) = -2*a**2 + a - 7. Determine x(4).
-35
Let s(m) = -m**3 + 23*m**2 + 24*m + 45. Calculate s(24).
45
Let v(t) = -t**2 + t + 4. Give v(5).
-16
Let k(r) = r**2 - 16*r + 12. Give k(15).
-3
Let u(t) = t**3 - 12*t**2 + 28*t + 4. Give u(3).
7
Let d(w) = -11*w - 21. What is d(-9)?
78
Let r(x) = 30*x + 155. Give r(-5).
5
Let s(t) = 11*t + 43. Determine s(-10).
-67
Let v(r) = -2*r**2 - r. Give v(-4).
-28
Let g(i) = i**3 + 4*i**2 + 7*i + 64. Give g(-5).
4
Let y(c) = -2*c - 40. Calculate y(-26).
12
Let a(o) = -o**3 + 7*o**2 + 2*o + 7. What is a(7)?
21
Let l(x) = -x**3 + 7*x**2 - 7. Determine l(5).
43
Let y(l) = l**3 + 7*l**2 - 2*l - 9. What is y(-7)?
5
Let n(c) = -4*c + 14. What is n(3)?
2
Let r(o) = o**3 - 11*o**2 + 10*o + 14. Give r(9).
-58
Let x(a) = -a + 6. Calculate x(7).
-1
Let k(c) = 23*c + 117. Determine k(-5).
2
Let o(j) = j**2 - 8*j - 1. What is o(6)?
-13
Let i(t) = -11*t - 6. Calculate i(-13).
137
Let g(f) = f**3 + 9*f**2 - 7. Give g(-9).
-7
Let v(u) = -6*u - 76. Give v(-12).
-4
Let w(s) = 10*s + 10. What is w(-7)?
-60
Let m(a) = a**3 + 7*a**2 - 6. Give m(-7).
-6
Let p(b) = 10*b - 125. Determine p(12).
-5
Let b(n) = n**3 - 4*n**2 + n + 1. What is b(3)?
-5
Let x(r) = 29*r - 9. Determine x(4).
107
Let g(j) = j**2 + 2*j - 5. What is g(-5)?
10
Let a(i) = i**3 + i**2 - 4*i + 38. Determine a(-4).
6
Let r(l) = l**3 + 10*l**2 + 10*l + 6. Calculate r(-5).
81
Let f(c) = 2*c**2 + 6*c. Calculate f(-4).
8
Let q(j) = 5*j + 31. Calculate q(-6).
1
Let c(y) = -y - 7. What is c(-7)?
0
Let u(k) = k**3 + 26*k**2 + 27*k + 42. Give u(-25).
-8
Let l(w) = w**3 + 5*w**2 - 16*w - 11. What is l(-7)?
3
Let l(t) = 3*t**2 - 10*t + 3. Calculate l(0).
3
Let s(q) = -15*q - 2. What is s(3)?
-47
Let h(o) = -o**2 - 17*o + 68. Calculate h(-21).
-16
Let y(z) = -2*z + 6. Calculate y(-13).
32
Let t(o) = -2*o**2 - 3*o - 2. Calculate t(-2).
-4
Let t(j) = 9*j + 51. What is t(-6)?
-3
Let l(q) = -2*q**2 + 11*q - 11. Give l(3).
4
Let n(r) = r**2 + 54*r - 350. Calculate n(6).
10
Let b(h) = -h**2 + h + 7. Calculate b(-5).
-23
Let k(i) = -93*i + 2. Give k(0).
2
Let y(m) = -13*m**2 - 2*m. Calculate y(1).
-15
Let y(h) = -6*h**2 + 20*h + 3. What is y(3)?
9
Let f(q) = q**2 + 5*q - 11. Calculate f(8).
93
Let g(x) = 4*x - 6. What is g(8)?
26
Let p(k) = 29*k - 221. Determine p(8).
11
Let j(s) = 9*s - 48. Give j(11).
51
Let h(m) = 6